ide 83153487?
True
Does 97 divide 36828154?
False
Does 1269 divide 203682790?
False
Is 97 a factor of 200914354?
True
Does 489 divide 47527377?
True
Is 516167520 a multiple of 22?
True
Is 264 a factor of 702270888?
True
Is 226662289 a multiple of 23?
False
Is 2812468850 a multiple of 2650?
True
Does 123 divide 42527988?
True
Does 21 divide 1758833?
False
Is 157977016 a multiple of 611?
False
Is 12 a factor of 43560084?
True
Is 262 a factor of 102443834?
True
Is 171698694 a multiple of 66?
False
Is 27104146 a multiple of 3?
False
Is 52 a factor of 1160370068?
True
Is 2351307 a multiple of 21?
True
Is 24970967 a multiple of 37?
True
Does 403 divide 52472212?
True
Does 26 divide 43188963?
False
Does 65 divide 59626781?
False
Is 25002829 a multiple of 4?
False
Is 30 a factor of 31909171?
False
Is 753 a factor of 124487467?
False
Is 1276993836 a multiple of 13?
False
Is 4703 a factor of 3389238191?
False
Does 1387 divide 109704140?
False
Does 12 divide 3603665625?
False
Is 12394054 a multiple of 34?
True
Is 742 a factor of 116025798?
True
Is 1677 a factor of 515269989?
True
Is 25 a factor of 7393292446?
False
Does 505 divide 1890503860?
True
Does 14 divide 1554867063?
False
Is 50 a factor of 135827750?
True
Is 307 a factor of 1682993034?
True
Is 37854158 a multiple of 458?
True
Does 920 divide 119291800?
True
Is 502 a factor of 21426778?
False
Is 823987493 a multiple of 937?
True
Does 886 divide 10075411?
False
Is 27 a factor of 9533186256?
False
Does 137 divide 926388657?
True
Does 8698 divide 117414379?
False
Is 57 a factor of 5604348?
False
Is 11 a factor of 10082513?
False
Is 19 a factor of 58631307?
False
Is 8 a factor of 41479712?
True
Is 16055762 a multiple of 4?
False
Does 22 divide 30606070?
True
Does 3 divide 158588483?
False
Does 50 divide 1522233800?
True
Does 242 divide 82855882?
False
Does 8 divide 31923848?
True
Is 16 a factor of 4032624?
True
Is 20 a factor of 1195028320?
True
Is 861 a factor of 3084963?
True
Is 178188336 a multiple of 108?
True
Does 158 divide 54387550?
True
Is 43 a factor of 13027409?
True
Is 5149954279 a multiple of 7689?
False
Is 13302 a factor of 923305122?
True
Does 2202 divide 5254580?
False
Is 824764992 a multiple of 12?
True
Does 70 divide 50785803?
False
Is 206 a factor of 40361992?
True
Is 485 a factor of 24609385?
True
Is 163 a factor of 310467893?
True
Is 54599883 a multiple of 393?
True
Is 101 a factor of 10712666?
True
Does 2057 divide 1005817386?
False
Is 31562310 a multiple of 10?
True
Is 275 a factor of 1619200?
True
Does 8 divide 1434742?
False
Is 54445999 a multiple of 439?
False
Is 124 a factor of 32605059?
False
Is 698509768 a multiple of 484?
True
Is 51438324 a multiple of 1284?
True
Does 3448 divide 722614790?
False
Is 32917215 a multiple of 5?
True
Does 3887 divide 107257878?
True
Is 1388 a factor of 586667348?
True
Is 293197148 a multiple of 236?
False
Does 8 divide 22009656?
True
Is 35 a factor of 696783185?
True
Is 213455533 a multiple of 54?
False
Is 41 a factor of 98942190?
False
Is 15418299 a multiple of 14?
False
Is 109573200 a multiple of 526?
False
Is 514 a factor of 56857838?
False
Is 141 a factor of 18715599?
False
Is 18033638 a multiple of 18?
False
Is 129480593 a multiple of 56?
False
Does 4636 divide 158147524?
False
Does 169 divide 148609643?
True
Is 9862734 a multiple of 7?
True
Does 15 divide 422069310?
True
Is 64987379 a multiple of 41?
False
Is 54 a factor of 245061018?
True
Does 1864 divide 440295920?
False
Is 508 a factor of 95993712?
True
Does 7 divide 36129780?
False
Is 17614699 a multiple of 70?
False
Is 88184814 a multiple of 323?
True
Is 7 a factor of 1036826802?
False
Does 23 divide 466583819?
True
Is 192 a factor of 24823646?
False
Is 205 a factor of 12114982?
False
Does 67 divide 39421795?
True
Does 2287 divide 71693218?
False
Does 418 divide 57090858?
True
Does 406 divide 21772054?
False
Is 273487765 a multiple of 108?
False
Is 33 a factor of 5520966?
True
Is 15977454 a multiple of 642?
True
Does 10 divide 13063040?
True
Does 2230 divide 28601980?
True
Is 52361840 a multiple of 20?
True
Does 1554 divide 992382846?
True
Is 88417491 a multiple of 16?
False
Does 44 divide 394500187?
False
Is 36 a factor of 120993496?
False
Does 23 divide 21714925?
False
Does 15 divide 255944355?
True
Is 670737569 a multiple of 23?
True
Does 74 divide 26085550?
False
Is 1198 a factor of 2102490?
True
Is 51 a factor of 52579062?
True
Is 344216800 a multiple of 160?
True
Does 422 divide 48510634?
False
Is 914994 a multiple of 3?
True
Does 518 divide 89162926?
False
Does 22 divide 107127592?
True
Does 6 divide 444163428?
True
Is 7860527 a multiple of 431?
False
Is 51 a factor of 49914597?
False
Is 7 a factor of 7316606?
False
Is 206624235 a multiple of 15?
True
Is 2701 a factor of 47625687?
False
Is 42 a factor of 31980354?
True
Does 25 divide 513729968?
False
Is 137 a factor of 118664208?
False
Is 122837528 a multiple of 8822?
True
Is 59274479 a multiple of 1837?
True
Does 15 divide 686713230?
True
Is 8950699 a multiple of 48?
False
Is 32 a factor of 645770074?
False
Is 18 a factor of 1003236143?
False
Is 224255502 a multiple of 195?
False
Is 382513 a multiple of 12?
False
Is 3571 a factor of 54896027?
False
Is 418070080 a multiple of 308?
False
Does 44 divide 1628239890?
False
Is 1316 a factor of 18318837?
False
Does 3122 divide 1259608085?
False
Is 176104152 a multiple of 84?
True
Is 993 a factor of 51366897?
True
Is 2221938528 a multiple of 17?
False
Is 24 a factor of 20579760?
True
Is 60 a factor of 14529960?
True
Is 463 a factor of 1775048011?
True
Is 6595761 a multiple of 162?
False
Does 1262 divide 1244652945?
False
Does 23 divide 2227609?
False
Is 42 a factor of 10783290?
True
Does 1559 divide 331290705?
False
Is 617 a factor of 3605845633?
False
Is 185 a factor of 41331225?
False
Is 42 a factor of 11186364?
True
Is 6311592 a multiple of 2?
True
Is 13 a factor of 86607738?
False
Does 997 divide 90388020?
True
Is 3467145921 a multiple of 352?
False
Is 256269348 a multiple of 151?
True
Is 28 a factor of 101659990?
False
Is 15071316 a multiple of 12?
True
Does 24 divide 2110021?
False
Is 1508391053 a multiple of 13?
True
Is 317 a factor of 173822512?
True
Does 259 divide 380513994?
True
Is 235 a factor of 34755560?
True
Is 571 a factor of 97280006?
False
Is 1216 a factor of 25321984?
True
Is 21 a factor of 814066835?
False
Is 5 a factor of 2882685?
True
Is 168 a factor of 4674101086?
False
Does 13 divide 1405163659?
False
Is 7 a factor of 230750739?
False
Is 29709568 a multiple of 8?
True
Does 454 divide 199784323?
False
Is 877277258 a multiple of 114?
False
Does 245 divide 3792845?
True
Is 4433450125 a multiple of 71?
False
Is 720604 a multiple of 120?
False
Is 25948024 a multiple of 991?
False
Is 13 a factor of 192206313?
True
Is 997376918 a multiple of 141?
False
Is 1201540282 a multiple of 320?
False
Is 991955087 a multiple of 147?
False
Is 287489380 a multiple of 4427?
True
Is 1215 a factor of 124555725?
True
Does 5477 divide 2680669628?
False
Does 5 divide 131345155?
True
Is 1931 a factor of 5039658970?
True
Is 2002 a factor of 458883332?
False
Is 8 a factor of 82953588?
False
Is 10 a factor of 2021314530?
True
Is 518 a factor of 754571059?
False
Does 10 divide 791158820?
True
Is 122794917 a multiple of 7?
True
Does 30 divide 5611830?
True
Does 631 divide 78526533?
False
Does 14 divide 6470713606?
True
Does 8 divide 6985184?
True
Is 4187270 a multiple of 295?
False
Is 955 a factor of 2482618955?
True
Is 1075 a factor of 36796175?
True
Is 271 a factor of 67467358?
False
Does 21 divide 598930794?
True
Is 72 a factor of 19174896?
True
Is 1161 a factor of 145410710?
False
Is 3 a factor of 181500062?
False
Does 77 divide 811524726?
False
Does 7196 divide 3296653108?
True
Is 238239983 a multiple of 63?
False
Is 1716232529 a multiple of 14?
False
Is 56 a factor of 40812800?
True
Is 32 a factor of 1208294290?
False
Is 9526823 a multiple of 83?
True
Does 43 divide 1068568553?
False
Is 21 a factor of 2566641?
True
Is 1400676312 a multiple of 278?
True
Is 335950160 a multiple of 208?
True
Does 79 divide 525975443?
True
Is 851333247 a multiple of 8017?
True
Is 22192782 a multiple of 6?
True
Is 128320862 a multiple of 22?
False
Is 132 a factor of 15569126?
False
Is 514 a factor of 